{"id":65,"date":"2025-10-28T20:03:00","date_gmt":"2025-10-28T18:03:00","guid":{"rendered":"https:\/\/jt02.fi\/24ilta\/corewell\/filatov\/wordpress%202\/?page_id=65"},"modified":"2025-12-18T15:18:00","modified_gmt":"2025-12-18T13:18:00","slug":"palvelut","status":"publish","type":"page","link":"http:\/\/corewell.fi\/index.php\/palvelut\/","title":{"rendered":"Palvelut"},"content":{"rendered":"\n<div class=\"wp-block-cover alignfull\" style=\"min-height:687px;aspect-ratio:unset;\"><img loading=\"lazy\" decoding=\"async\" width=\"1024\" height=\"768\" class=\"wp-block-cover__image-background wp-image-30 size-large\" alt=\"\" src=\"https:\/\/jt02.fi\/24ilta\/corewell\/filatov\/wordpress%202\/wp-content\/uploads\/2025\/10\/IMG20251015133102-1024x768.jpg\" data-object-fit=\"cover\" srcset=\"http:\/\/corewell.fi\/wp-content\/uploads\/2025\/10\/IMG20251015133102-1024x768.jpg 1024w, http:\/\/corewell.fi\/wp-content\/uploads\/2025\/10\/IMG20251015133102-300x225.jpg 300w, http:\/\/corewell.fi\/wp-content\/uploads\/2025\/10\/IMG20251015133102-768x576.jpg 768w, http:\/\/corewell.fi\/wp-content\/uploads\/2025\/10\/IMG20251015133102-1536x1152.jpg 1536w, http:\/\/corewell.fi\/wp-content\/uploads\/2025\/10\/IMG20251015133102-2048x1536.jpg 2048w\" sizes=\"auto, (max-width: 1024px) 100vw, 1024px\" \/><span aria-hidden=\"true\" class=\"wp-block-cover__background has-ast-global-color-4-background-color has-background-dim-100 has-background-dim\"><\/span><div class=\"wp-block-cover__inner-container is-layout-flow wp-block-cover-is-layout-flow\">\n<div class=\"inherit-container-width wp-block-group alignwide is-layout-constrained wp-block-group-is-layout-constrained\">\n<div class=\"wp-block-media-text alignwide is-stacked-on-mobile is-vertically-aligned-center\" style=\"grid-template-columns:38% auto\"><figure class=\"wp-block-media-text__media\"><img loading=\"lazy\" decoding=\"async\" width=\"1024\" height=\"1024\" src=\"https:\/\/jt02.fi\/24ilta\/corewell\/filatov\/wordpress%202\/wp-content\/uploads\/2025\/10\/ChatGPT-Image-30.10.2025-klo-18.55.15_wipe_bg.png\" alt=\"Neuropsykiatrinen valmennus kuvitus\" class=\"wp-image-144 size-full\" srcset=\"http:\/\/corewell.fi\/wp-content\/uploads\/2025\/10\/ChatGPT-Image-30.10.2025-klo-18.55.15_wipe_bg.png 1024w, http:\/\/corewell.fi\/wp-content\/uploads\/2025\/10\/ChatGPT-Image-30.10.2025-klo-18.55.15_wipe_bg-300x300.png 300w, http:\/\/corewell.fi\/wp-content\/uploads\/2025\/10\/ChatGPT-Image-30.10.2025-klo-18.55.15_wipe_bg-150x150.png 150w, http:\/\/corewell.fi\/wp-content\/uploads\/2025\/10\/ChatGPT-Image-30.10.2025-klo-18.55.15_wipe_bg-768x768.png 768w\" sizes=\"auto, (max-width: 1024px) 100vw, 1024px\" \/><\/figure><div class=\"wp-block-media-text__content\">\n<h1 class=\"wp-block-heading has-text-align-left has-ast-global-color-3-color has-text-color\">Neuropsykiatrinen valmennus<\/h1>\n\n\n\n<p class=\"has-white-color has-text-color has-ast-global-color-3-color has-link-color wp-elements-7575bd1ad1382523d27dd8a0fead472c\">Neuropsykiatrinen valmennus on ratkaisukeskeinen tukimuoto, joka auttaa eri-ik\u00e4isi\u00e4 ihmisi\u00e4 l\u00f6yt\u00e4m\u00e4\u00e4n uusia toiminta- ja ratkaisumalleja sek\u00e4 vahvistamaan toiminnanohjauksen ja el\u00e4m\u00e4nhallinnan taitoja arjen haasteissa. Neuropsykiatrinen valmennus on tarkoitettu kaikenik\u00e4isille henkil\u00f6ille.&nbsp;<\/p>\n\n\n\n<p>Neuropsykiatrinen valmennus on yksil\u00f6llisesti suunniteltua tukea henkil\u00f6ille, joilla on ADHD, ADD Autisminkirjon\/Aspergerin tai Tourette. Lis\u00e4ksi erilaiset oppimiseen liittyv\u00e4t haasteet ja niiden tukimuodot ovat yksi neuropsykiatrisen valmennuksen osa-alue. Valmennuksessa kartoitetaan henkil\u00f6n voimavarat ja erityispiirteet sek\u00e4 t\u00e4m\u00e4n kautta pyrit\u00e4\u00e4n siihen, ett\u00e4 henkil\u00f6 pystyy el\u00e4m\u00e4\u00e4n jokap\u00e4iv\u00e4ist\u00e4 hyv\u00e4\u00e4 el\u00e4m\u00e4\u00e4 t\u00e4ysipainoisesti.&nbsp;<\/p>\n\n\n\n<p>Neuropsykiatrinen valmennus on kokonaisvaltainen tukimuoto. Valmennuksessa tuetetaan henkil\u00f6n vahvuuksia ja harjoitellaan erilaisia toiminta- ja ajattelumalleja, joilla selviytyy arjesta. Valmennuksessa harjoitellaan mm. arjentaitoja, ongelmanratkaisutaitoja, opiskelussa ja ty\u00f6el\u00e4m\u00e4ss\u00e4 selviytymist\u00e4 sek\u00e4 stressin\/vireystilan s\u00e4\u00e4telyn keinoja. Valmennuksessa harjoitellaan my\u00f6s keskittymiseen liittyvi\u00e4 taitoja sek\u00e4 vuorovaikutuksen eri keinoja.&nbsp;Motivaatio on my\u00f6s avainasemassa valmennuksen etenemisess\u00e4.&nbsp;<\/p>\n\n\n\n<p>Valmennus voi tapahtua l\u00e4hi- tai et\u00e4tapaamisina sek\u00e4 arjen erilaisissa tilanteissa. mm. koulussa, virastoissa, harrastuksissa tai vaikkapa bussimatkaa yhdess\u00e4 tekem\u00e4ll\u00e4.&nbsp;<\/p>\n\n\n\n<p>Valmennus rakentuu tavoitteille ja se vaatii valmennettavalta sitkeytt\u00e4 ja sitoutumista. Valmennuksen aikana yhdess\u00e4 suunnittelemalla ja tekem\u00e4ll\u00e4 l\u00f6yd\u00e4mme keinoja tavoitteiden saavuttamiseksi.&nbsp;Valmennuksessa huomioidaan my\u00f6s valmennettavan muut tukiverkostot ja perhe.&nbsp;<\/p>\n\n\n\n<p class=\"has-white-color has-text-color has-ast-global-color-3-color has-link-color wp-elements-13f87a681e91e152d0db4980846f113d\">Jos et itse ole neurokirjon henkil\u00f6, niin t\u00e4t\u00e4 kautta voit my\u00f6s saada tukea, jos kohtaat esimerkiksi ty\u00f6ss\u00e4si neurokirjon asiakkaita ja tarvitset ty\u00f6h\u00f6si ty\u00f6kaluja t\u00e4llaisiin tilanteisiin.&nbsp;&nbsp;<\/p>\n<\/div><\/div>\n<\/div>\n<\/div><\/div>\n\n\n\n<div class=\"wp-block-cover alignfull\" style=\"min-height:720px;aspect-ratio:unset;\"><img loading=\"lazy\" decoding=\"async\" width=\"1024\" height=\"768\" class=\"wp-block-cover__image-background wp-image-30 size-large\" alt=\"\" src=\"https:\/\/jt02.fi\/24ilta\/corewell\/filatov\/wordpress%202\/wp-content\/uploads\/2025\/10\/IMG20251015133102-1024x768.jpg\" data-object-fit=\"cover\" srcset=\"http:\/\/corewell.fi\/wp-content\/uploads\/2025\/10\/IMG20251015133102-1024x768.jpg 1024w, http:\/\/corewell.fi\/wp-content\/uploads\/2025\/10\/IMG20251015133102-300x225.jpg 300w, http:\/\/corewell.fi\/wp-content\/uploads\/2025\/10\/IMG20251015133102-768x576.jpg 768w, http:\/\/corewell.fi\/wp-content\/uploads\/2025\/10\/IMG20251015133102-1536x1152.jpg 1536w, http:\/\/corewell.fi\/wp-content\/uploads\/2025\/10\/IMG20251015133102-2048x1536.jpg 2048w\" sizes=\"auto, (max-width: 1024px) 100vw, 1024px\" \/><span aria-hidden=\"true\" class=\"wp-block-cover__background has-ast-global-color-0-background-color has-background-dim-100 has-background-dim\"><\/span><div class=\"wp-block-cover__inner-container is-layout-flow wp-block-cover-is-layout-flow\">\n<div class=\"inherit-container-width wp-block-group alignwide is-layout-constrained wp-block-group-is-layout-constrained\">\n<div class=\"wp-block-media-text alignwide has-media-on-the-right is-stacked-on-mobile is-vertically-aligned-center\" style=\"grid-template-columns:auto 36%\"><div class=\"wp-block-media-text__content\">\n<h1 class=\"wp-block-heading has-text-align-left has-white-color has-text-color\">P\u00e4ihteidenk\u00e4ytt\u00e4jien l\u00e4heisten tuki<\/h1>\n\n\n\n<p class=\"has-white-color has-text-color\">P\u00e4ihteidenk\u00e4ytt\u00f6 tai joku muu addiktio (pelit, seksi, ty\u00f6) voi olla seuraus neuropsykiatrisessa haasteesta. Alkoholismi on kuolemaan johtava vakava sairaus.&nbsp;<\/p>\n\n\n\n<p class=\"has-ast-global-color-5-color has-text-color has-link-color wp-elements-8b7b807fc67cdd7731a0a88f508affd9\">P\u00e4ihteidenk\u00e4ytt\u00f6 perheess\u00e4, oli syy mik\u00e4 tahansa, on usein peitelty ja hyvin h\u00e4pe\u00e4llinen asia. Kun sen kohtaa omassa l\u00e4hipiiriss\u00e4, niin kulissit pidet\u00e4\u00e4n usein pystyss\u00e4, vaikka el\u00e4m\u00e4 olisi hyvinkin sekavaa ja vaikeaa.&nbsp;Oli p\u00e4ihde mik\u00e4 tahansa, p\u00e4ihteidenk\u00e4ytt\u00f6 l\u00e4hipiiriss\u00e4 sairastuttaa my\u00f6s p\u00e4ihteit\u00e4 k\u00e4ytt\u00e4v\u00e4n l\u00e4heiset.&nbsp;<\/p>\n\n\n\n<p class=\"has-ast-global-color-5-color has-text-color has-link-color wp-elements-30b8ad80c29a5e332bcfba0d011d5483\">Ota yhteytt\u00e4 matalalla kynnyksell\u00e4, niin keskustellaan lis\u00e4\u00e4. Katsotaan yhdess\u00e4 sinulle tukikeinoja ja jaksamisen tukemiseen ty\u00f6kaluja kuormittavassa el\u00e4m\u00e4ntilanteessa.&nbsp;&nbsp;Tarjoan tukea p\u00e4ihdeperheiden l\u00e4heisille l\u00e4hi- ja et\u00e4tapaamisina.<\/p>\n<\/div><figure class=\"wp-block-media-text__media\"><img loading=\"lazy\" decoding=\"async\" width=\"1024\" height=\"1024\" src=\"https:\/\/jt02.fi\/24ilta\/corewell\/filatov\/wordpress%202\/wp-content\/uploads\/2025\/10\/ChatGPT-Image-30.10.2025-klo-19.21.00_wipe_bg.png\" alt=\"P\u00e4ihteidenk\u00e4ytt\u00e4jien l\u00e4heisten tuki kuvitus\" class=\"wp-image-149 size-full\" srcset=\"http:\/\/corewell.fi\/wp-content\/uploads\/2025\/10\/ChatGPT-Image-30.10.2025-klo-19.21.00_wipe_bg.png 1024w, http:\/\/corewell.fi\/wp-content\/uploads\/2025\/10\/ChatGPT-Image-30.10.2025-klo-19.21.00_wipe_bg-300x300.png 300w, http:\/\/corewell.fi\/wp-content\/uploads\/2025\/10\/ChatGPT-Image-30.10.2025-klo-19.21.00_wipe_bg-150x150.png 150w, http:\/\/corewell.fi\/wp-content\/uploads\/2025\/10\/ChatGPT-Image-30.10.2025-klo-19.21.00_wipe_bg-768x768.png 768w\" sizes=\"auto, (max-width: 1024px) 100vw, 1024px\" \/><\/figure><\/div>\n<\/div>\n<\/div><\/div>\n\n\n\n<div class=\"wp-block-cover alignfull\" style=\"min-height:687px;aspect-ratio:unset;\"><img loading=\"lazy\" decoding=\"async\" width=\"1024\" height=\"768\" class=\"wp-block-cover__image-background wp-image-30 size-large\" alt=\"\" src=\"https:\/\/jt02.fi\/24ilta\/corewell\/filatov\/wordpress%202\/wp-content\/uploads\/2025\/10\/IMG20251015133102-1024x768.jpg\" data-object-fit=\"cover\" srcset=\"http:\/\/corewell.fi\/wp-content\/uploads\/2025\/10\/IMG20251015133102-1024x768.jpg 1024w, http:\/\/corewell.fi\/wp-content\/uploads\/2025\/10\/IMG20251015133102-300x225.jpg 300w, http:\/\/corewell.fi\/wp-content\/uploads\/2025\/10\/IMG20251015133102-768x576.jpg 768w, http:\/\/corewell.fi\/wp-content\/uploads\/2025\/10\/IMG20251015133102-1536x1152.jpg 1536w, http:\/\/corewell.fi\/wp-content\/uploads\/2025\/10\/IMG20251015133102-2048x1536.jpg 2048w\" sizes=\"auto, (max-width: 1024px) 100vw, 1024px\" \/><span aria-hidden=\"true\" class=\"wp-block-cover__background has-ast-global-color-4-background-color has-background-dim-100 has-background-dim\"><\/span><div class=\"wp-block-cover__inner-container is-layout-flow wp-block-cover-is-layout-flow\">\n<div class=\"inherit-container-width wp-block-group alignwide is-layout-constrained wp-block-group-is-layout-constrained\">\n<div class=\"wp-block-media-text alignwide is-stacked-on-mobile is-vertically-aligned-center\" style=\"grid-template-columns:38% auto\"><figure class=\"wp-block-media-text__media\"><img loading=\"lazy\" decoding=\"async\" width=\"1024\" height=\"1024\" src=\"https:\/\/jt02.fi\/24ilta\/corewell\/filatov\/wordpress%202\/wp-content\/uploads\/2025\/10\/ChatGPT-Image-30.10.2025-klo-19.16.15_wipe_bg.png\" alt=\"koulutukset kuvitus\" class=\"wp-image-147 size-full\" srcset=\"http:\/\/corewell.fi\/wp-content\/uploads\/2025\/10\/ChatGPT-Image-30.10.2025-klo-19.16.15_wipe_bg.png 1024w, http:\/\/corewell.fi\/wp-content\/uploads\/2025\/10\/ChatGPT-Image-30.10.2025-klo-19.16.15_wipe_bg-300x300.png 300w, http:\/\/corewell.fi\/wp-content\/uploads\/2025\/10\/ChatGPT-Image-30.10.2025-klo-19.16.15_wipe_bg-150x150.png 150w, http:\/\/corewell.fi\/wp-content\/uploads\/2025\/10\/ChatGPT-Image-30.10.2025-klo-19.16.15_wipe_bg-768x768.png 768w\" sizes=\"auto, (max-width: 1024px) 100vw, 1024px\" \/><\/figure><div class=\"wp-block-media-text__content\">\n<h1 class=\"wp-block-heading has-text-align-left has-ast-global-color-3-color has-text-color\">Koulutukset, luennot ja tuki<\/h1>\n\n\n\n<p class=\"has-white-color has-text-color has-ast-global-color-3-color has-link-color wp-elements-902dc02a0adbc33ce81eeb7caf045470\">Olen MIELI ry kouluttaja ja minun kauttani l\u00f6ytyy Nuori mieli- ja Mielenterveyden ensiapukoulutukset\u00a0 yrityksille ja yhteis\u00f6ille. J\u00e4rjest\u00e4n r\u00e4\u00e4t\u00e4l\u00f6ityj\u00e4 koulutuksia yrityksille ja ty\u00f6yhteis\u00f6ille. Ole yhteydess\u00e4, niin katsotaan juuri teille sopiva koulutus.\u00a0<\/p>\n\n\n\n<p>Tarjoan mielenhuoltotunteja nuorille matalalla kynnyksell\u00e4 ilman l\u00e4hetett\u00e4. Erilaisissa kriisitilanteissa voit k\u00e4\u00e4nty\u00e4 my\u00f6s puoleeni, katsotaan yhdess\u00e4 suunta eteenp\u00e4in.\u00a0Olen suorittanut kriisi- ja traumaty\u00f6n opintoja ja osaamista.<\/p>\n\n\n\n<p class=\"has-white-color has-text-color has-ast-global-color-3-color has-link-color wp-elements-7c7b7d8e25f1660326241966c902bac9\">Asiantuntijaluennot soviteltavissa eri aiheista: Neuropsykiatriset haasteet, kuormitus\/jaksaminen, stressi, oppimishaasteet, vireystilat ja niiden s\u00e4\u00e4tely, mielenterveyden aiheet.<\/p>\n<\/div><\/div>\n<\/div>\n<\/div><\/div>\n\n\n\n<div class=\"wp-block-cover alignfull\" style=\"min-height:720px;aspect-ratio:unset;\"><img loading=\"lazy\" decoding=\"async\" width=\"1024\" height=\"768\" class=\"wp-block-cover__image-background wp-image-30 size-large\" alt=\"\" src=\"https:\/\/jt02.fi\/24ilta\/corewell\/filatov\/wordpress%202\/wp-content\/uploads\/2025\/10\/IMG20251015133102-1024x768.jpg\" data-object-fit=\"cover\" srcset=\"http:\/\/corewell.fi\/wp-content\/uploads\/2025\/10\/IMG20251015133102-1024x768.jpg 1024w, http:\/\/corewell.fi\/wp-content\/uploads\/2025\/10\/IMG20251015133102-300x225.jpg 300w, http:\/\/corewell.fi\/wp-content\/uploads\/2025\/10\/IMG20251015133102-768x576.jpg 768w, http:\/\/corewell.fi\/wp-content\/uploads\/2025\/10\/IMG20251015133102-1536x1152.jpg 1536w, http:\/\/corewell.fi\/wp-content\/uploads\/2025\/10\/IMG20251015133102-2048x1536.jpg 2048w\" sizes=\"auto, (max-width: 1024px) 100vw, 1024px\" \/><span aria-hidden=\"true\" class=\"wp-block-cover__background has-ast-global-color-0-background-color has-background-dim-100 has-background-dim\"><\/span><div class=\"wp-block-cover__inner-container is-layout-flow wp-block-cover-is-layout-flow\">\n<div class=\"inherit-container-width wp-block-group alignwide is-layout-constrained wp-block-group-is-layout-constrained\">\n<div class=\"wp-block-media-text alignwide has-media-on-the-right is-stacked-on-mobile is-vertically-aligned-center\" style=\"grid-template-columns:auto 36%\"><div class=\"wp-block-media-text__content\">\n<h1 class=\"wp-block-heading has-text-align-left has-white-color has-text-color\">Hyvinvointivalmennus<\/h1>\n\n\n\n<p class=\"has-white-color has-text-color\">Hyvinvointivalmennus on kokonaisvaltainen matka kohti el\u00e4m\u00e4\u00e4, jota todella haluat el\u00e4\u00e4. Se on pys\u00e4htymist\u00e4, suunnan l\u00f6yt\u00e4mist\u00e4 ja itsens\u00e4 kuulemista \u2013 askel kerrallaan. Valmennuksessa keskityt\u00e4\u00e4n el\u00e4m\u00e4n eri osa-alueisiin yksil\u00f6llisesti: jaksamiseen, palautumiseen, stressinhallintaan, ihmissuhteisiin, arjen tasapainoon sek\u00e4 omien voimavarojen vahvistamiseen. <\/p>\n\n\n\n<p class=\"has-white-color has-text-color\">Jos tunnet olevasi jumissa, olet uupunut, el\u00e4m\u00e4 on menett\u00e4nyt v\u00e4rit tai suunta on kadoksissa, hyvinvointivalmennus auttaa sinua l\u00f6yt\u00e4m\u00e4\u00e4n uudelleen yhteyden itseesi. Se tarjoaa tukea my\u00f6s erilaisissa el\u00e4m\u00e4n haasteissa, kuten ty\u00f6el\u00e4m\u00e4n ja opiskelun paineissa, el\u00e4m\u00e4ntapamuutoksissa, painonhallinnassa tai p\u00e4ihteiden k\u00e4yt\u00f6n tuomissa vaikeuksissa \u2013 joko omassa tai l\u00e4heisen el\u00e4m\u00e4ss\u00e4.<\/p>\n\n\n\n<p class=\"has-white-color has-text-color\">Valmennuksessa pys\u00e4hdyt\u00e4\u00e4n kuuntelemaan, mik\u00e4 juuri sinulle on t\u00e4rke\u00e4\u00e4. Yhdess\u00e4 etsimme keinoja el\u00e4\u00e4 oman n\u00e4k\u00f6ist\u00e4 el\u00e4m\u00e4\u00e4, jossa voit kokea merkityst\u00e4, iloa ja rauhaa.<\/p>\n<\/div><figure class=\"wp-block-media-text__media\"><img loading=\"lazy\" decoding=\"async\" width=\"1024\" height=\"1024\" src=\"https:\/\/jt02.fi\/24ilta\/corewell\/filatov\/wordpress%202\/wp-content\/uploads\/2025\/10\/ChatGPT-Image-30.10.2025-klo-19.29.19_wipe_bg.png\" alt=\"Hyvinvointivalmennus kuvitus\" class=\"wp-image-154 size-full\" srcset=\"http:\/\/corewell.fi\/wp-content\/uploads\/2025\/10\/ChatGPT-Image-30.10.2025-klo-19.29.19_wipe_bg.png 1024w, http:\/\/corewell.fi\/wp-content\/uploads\/2025\/10\/ChatGPT-Image-30.10.2025-klo-19.29.19_wipe_bg-300x300.png 300w, http:\/\/corewell.fi\/wp-content\/uploads\/2025\/10\/ChatGPT-Image-30.10.2025-klo-19.29.19_wipe_bg-150x150.png 150w, http:\/\/corewell.fi\/wp-content\/uploads\/2025\/10\/ChatGPT-Image-30.10.2025-klo-19.29.19_wipe_bg-768x768.png 768w\" sizes=\"auto, (max-width: 1024px) 100vw, 1024px\" \/><\/figure><\/div>\n<\/div>\n\n\n\n<div class=\"wp-block-buttons alignwide is-horizontal is-content-justification-center is-layout-flex wp-container-core-buttons-is-layout-bba8380a wp-block-buttons-is-layout-flex\" style=\"margin-top:50px\">\n<div class=\"wp-block-button is-style-outline is-style-outline--1\"><a class=\"wp-block-button__link wp-element-button\" href=\"https:\/\/corewell.fi\/index.php\/hinnasto\/\">Hinnasto<\/a><\/div>\n<\/div>\n<\/div><\/div>\n\n\n\n<div class=\"wp-block-group alignfull has-blush-light-purple-gradient-background has-background is-layout-constrained wp-container-core-group-is-layout-cfcca693 wp-block-group-is-layout-constrained\" id=\"contact\" style=\"padding-top:104px;padding-bottom:104px\">\n<h2 class=\"wp-block-heading has-text-align-center has-text-color\" style=\"color:#ffffff\">Tmi CoreWell<\/h2>\n\n\n\n<p class=\"has-text-align-center has-ast-global-color-5-color has-text-color has-link-color wp-elements-f8b845898ac8cdc54cd321c170eaa3ef\">Y-tunnus: 355 3274-4<br><a href=\"mailto:tmicorewell@gmail.com\">tmicorewell@gmail.com<\/a><br>+358407585887<\/p>\n\n\n\n<p class=\"has-text-align-center has-ast-global-color-5-color has-text-color has-link-color wp-elements-539197a6b4e426fd915fc0c4a28aa2e4\">K\u00e4yntiosoite:<br>Tampere, Kalevan Prisman l\u00e4hell\u00e4<\/p>\n\n\n\n<p class=\"has-text-align-center has-ast-global-color-5-color has-text-color has-link-color wp-elements-1a1516c01da09e2e8162dad554d5a798\">Et\u00e4tapaamiset<\/p>\n\n\n\n<div class=\"wp-block-buttons alignwide is-horizontal is-content-justification-center is-layout-flex wp-container-core-buttons-is-layout-bba8380a wp-block-buttons-is-layout-flex\" style=\"margin-top:50px\">\n<div class=\"wp-block-button is-style-outline is-style-outline--2\"><a class=\"wp-block-button__link wp-element-button\" href=\"https:\/\/corewell.fi\/index.php\/yhteystiedot\/\">Ota yhteytt\u00e4<\/a><\/div>\n<\/div>\n<\/div>\n","protected":false},"excerpt":{"rendered":"<p>Tmi CoreWell Y-tunnus: 355 3274-4tmicorewell@gmail.com+358407585887 K\u00e4yntiosoite:Tampere, Kalevan Prisman l\u00e4hell\u00e4 Et\u00e4tapaamiset<\/p>\n","protected":false},"author":1,"featured_media":0,"parent":0,"menu_order":0,"comment_status":"closed","ping_status":"closed","template":"","meta":{"om_disable_all_campaigns":false,"_monsterinsights_skip_tracking":false,"_monsterinsights_sitenote_active":false,"_monsterinsights_sitenote_note":"","_monsterinsights_sitenote_category":0,"site-sidebar-layout":"default","site-content-layout":"","ast-site-content-layout":"default","site-content-style":"default","site-sidebar-style":"default","ast-global-header-display":"","ast-banner-title-visibility":"","ast-main-header-display":"","ast-hfb-above-header-display":"","ast-hfb-below-header-display":"","ast-hfb-mobile-header-display":"","site-post-title":"disabled","ast-breadcrumbs-content":"","ast-featured-img":"","footer-sml-layout":"","ast-disable-related-posts":"","theme-transparent-header-meta":"","adv-header-id-meta":"","stick-header-meta":"","header-above-stick-meta":"","header-main-stick-meta":"","header-below-stick-meta":"","astra-migrate-meta-layouts":"default","ast-page-background-enabled":"default","ast-page-background-meta":{"desktop":{"background-color":"var(--ast-global-color-5)","background-image":"","background-repeat":"repeat","background-position":"center center","background-size":"auto","background-attachment":"scroll","background-type":"","background-media":"","overlay-type":"","overlay-color":"","overlay-opacity":"","overlay-gradient":""},"tablet":{"background-color":"","background-image":"","background-repeat":"repeat","background-position":"center center","background-size":"auto","background-attachment":"scroll","background-type":"","background-media":"","overlay-type":"","overlay-color":"","overlay-opacity":"","overlay-gradient":""},"mobile":{"background-color":"","background-image":"","background-repeat":"repeat","background-position":"center center","background-size":"auto","background-attachment":"scroll","background-type":"","background-media":"","overlay-type":"","overlay-color":"","overlay-opacity":"","overlay-gradient":""}},"ast-content-background-meta":{"desktop":{"background-color":"var(--ast-global-color-4)","background-image":"","background-repeat":"repeat","background-position":"center center","background-size":"auto","background-attachment":"scroll","background-type":"","background-media":"","overlay-type":"","overlay-color":"","overlay-opacity":"","overlay-gradient":""},"tablet":{"background-color":"var(--ast-global-color-4)","background-image":"","background-repeat":"repeat","background-position":"center center","background-size":"auto","background-attachment":"scroll","background-type":"","background-media":"","overlay-type":"","overlay-color":"","overlay-opacity":"","overlay-gradient":""},"mobile":{"background-color":"var(--ast-global-color-4)","background-image":"","background-repeat":"repeat","background-position":"center center","background-size":"auto","background-attachment":"scroll","background-type":"","background-media":"","overlay-type":"","overlay-color":"","overlay-opacity":"","overlay-gradient":""}},"footnotes":""},"class_list":["post-65","page","type-page","status-publish","hentry"],"aioseo_notices":[],"_links":{"self":[{"href":"http:\/\/corewell.fi\/index.php\/wp-json\/wp\/v2\/pages\/65","targetHints":{"allow":["GET"]}}],"collection":[{"href":"http:\/\/corewell.fi\/index.php\/wp-json\/wp\/v2\/pages"}],"about":[{"href":"http:\/\/corewell.fi\/index.php\/wp-json\/wp\/v2\/types\/page"}],"author":[{"embeddable":true,"href":"http:\/\/corewell.fi\/index.php\/wp-json\/wp\/v2\/users\/1"}],"replies":[{"embeddable":true,"href":"http:\/\/corewell.fi\/index.php\/wp-json\/wp\/v2\/comments?post=65"}],"version-history":[{"count":49,"href":"http:\/\/corewell.fi\/index.php\/wp-json\/wp\/v2\/pages\/65\/revisions"}],"predecessor-version":[{"id":310,"href":"http:\/\/corewell.fi\/index.php\/wp-json\/wp\/v2\/pages\/65\/revisions\/310"}],"wp:attachment":[{"href":"http:\/\/corewell.fi\/index.php\/wp-json\/wp\/v2\/media?parent=65"}],"curies":[{"name":"wp","href":"https:\/\/api.w.org\/{rel}","templated":true}]}}