{"id":227,"date":"2025-11-20T13:16:35","date_gmt":"2025-11-20T11:16:35","guid":{"rendered":"https:\/\/jt02.fi\/24ilta\/corewell\/filatov\/wordpress%202\/?page_id=227"},"modified":"2026-03-23T15:36:28","modified_gmt":"2026-03-23T13:36:28","slug":"hinnasto","status":"publish","type":"page","link":"http:\/\/corewell.fi\/index.php\/hinnasto\/","title":{"rendered":"Hinnasto"},"content":{"rendered":"\n<div class=\"wp-block-cover alignfull\"><span aria-hidden=\"true\" class=\"wp-block-cover__background has-ast-global-color-0-background-color has-background-dim-100 has-background-dim\"><\/span><div class=\"wp-block-cover__inner-container is-layout-constrained wp-block-cover-is-layout-constrained\">\n<p class=\"has-text-align-center has-ast-global-color-5-color has-text-color has-link-color has-x-large-font-size wp-elements-fa3677d31832b679207d8359fd32c630\">Hinnasto<\/p>\n\n\n\n<figure class=\"wp-block-table is-style-regular\"><table class=\"has-ast-global-color-5-color has-text-color has-link-color has-fixed-layout\"><tbody><tr><td>Neuropsykiatrinen valmennus<br>tutustumisk\u00e4ynti -30%<\/td><td>65\u20ac \/ tunti<br>300\u20ac \/ 5kertaa<br>590\/ 10 kertaa<\/td><\/tr><tr><td>Asiantuntijaluennot<br>Esim. mielenterveys, stressi, jaksaminen.<\/td><td>150\u20ac \/ tunti<\/td><\/tr><tr><td>Yksityisvalmennus<br>Esim. neuropsykiatriset haasteet, oppimiseen liittyv\u00e4t ongelmat<\/td><td>70\u20ac \/ tunti<\/td><\/tr><tr><td>Matalankynnyksen nuorten ja lasten mielenhuoltotunti <\/td><td>50\u20ac \/ tunti<\/td><\/tr><tr><td>P\u00e4ihteidenk\u00e4ytt\u00e4jien l\u00e4heisten tuki ja ohjaus<\/td><td>50\u20ac \/ k\u00e4ynti&nbsp;<\/td><\/tr><tr><td>Hyvinvointivalmennuspaketti<br>Osa-alueina: ravitsemus, liikkuminen, jaksaminen, erilaiset tavoitteet ja el\u00e4m\u00e4ntapamuutokset<\/td><td>60\u20ac \/ tunti<br>300\u20ac \/ 3kk:n paketti<\/td><\/tr><tr><td>Nuori mieli -koulutus,<br>mielenterveyden ensiapu koulutus<br>Ik\u00e4\u00e4ntyneiden mielenterveyden ensiapu<\/td><td>Ryhm\u00e4 1000\u20ac + kirjat ja todistus 50\u20ac \/ osallistuja tai 130\u20ac \/ henkil\u00f6<\/td><\/tr><\/tbody><\/table><figcaption class=\"wp-element-caption\">Tulossa: psyykkinen valmennus urheileville lapsille\/nuorille, Lyhytterapiaa yksil\u00f6ille ja pariskunnille<\/figcaption><\/figure>\n\n\n\n<p><\/p>\n\n\n\n<p><\/p>\n<\/div><\/div>\n\n\n\n<div class=\"wp-block-group alignfull has-blush-light-purple-gradient-background has-background is-layout-constrained wp-container-core-group-is-layout-cfcca693 wp-block-group-is-layout-constrained\" id=\"contact\" style=\"padding-top:104px;padding-bottom:104px\">\n<h2 class=\"wp-block-heading has-text-align-center has-text-color\" style=\"color:#ffffff\">Tmi CoreWell<\/h2>\n\n\n\n<p class=\"has-text-align-center has-ast-global-color-5-color has-text-color has-link-color wp-elements-f8b845898ac8cdc54cd321c170eaa3ef\">Y-tunnus: 355 3274-4<br><a href=\"mailto:tmicorewell@gmail.com\">tmicorewell@gmail.com<\/a><br>+358407585887<\/p>\n\n\n\n<p class=\"has-text-align-center has-ast-global-color-5-color has-text-color has-link-color wp-elements-539197a6b4e426fd915fc0c4a28aa2e4\">K\u00e4yntiosoite:<br>Tampere, Kalevan Prisman l\u00e4hell\u00e4<\/p>\n\n\n\n<p class=\"has-text-align-center has-ast-global-color-5-color has-text-color has-link-color wp-elements-1a1516c01da09e2e8162dad554d5a798\">Et\u00e4tapaamiset<\/p>\n\n\n\n<div class=\"wp-block-buttons alignwide is-horizontal is-content-justification-center is-layout-flex wp-container-core-buttons-is-layout-bba8380a wp-block-buttons-is-layout-flex\" style=\"margin-top:50px\">\n<div class=\"wp-block-button is-style-outline is-style-outline--1\"><a class=\"wp-block-button__link wp-element-button\" href=\"https:\/\/corewell.fi\/index.php\/yhteystiedot\/\">Ota yhteytt\u00e4<\/a><\/div>\n<\/div>\n<\/div>\n","protected":false},"excerpt":{"rendered":"<p>Tmi CoreWell Y-tunnus: 355 3274-4tmicorewell@gmail.com+358407585887 K\u00e4yntiosoite:Tampere, Kalevan Prisman l\u00e4hell\u00e4 Et\u00e4tapaamiset<\/p>\n","protected":false},"author":2,"featured_media":0,"parent":0,"menu_order":0,"comment_status":"closed","ping_status":"closed","template":"","meta":{"om_disable_all_campaigns":false,"_monsterinsights_skip_tracking":false,"_monsterinsights_sitenote_active":false,"_monsterinsights_sitenote_note":"","_monsterinsights_sitenote_category":0,"site-sidebar-layout":"default","site-content-layout":"","ast-site-content-layout":"default","site-content-style":"default","site-sidebar-style":"default","ast-global-header-display":"","ast-banner-title-visibility":"","ast-main-header-display":"","ast-hfb-above-header-display":"","ast-hfb-below-header-display":"","ast-hfb-mobile-header-display":"","site-post-title":"disabled","ast-breadcrumbs-content":"","ast-featured-img":"","footer-sml-layout":"","ast-disable-related-posts":"","theme-transparent-header-meta":"","adv-header-id-meta":"","stick-header-meta":"","header-above-stick-meta":"","header-main-stick-meta":"","header-below-stick-meta":"","astra-migrate-meta-layouts":"default","ast-page-background-enabled":"default","ast-page-background-meta":{"desktop":{"background-color":"var(--ast-global-color-5)","background-image":"","background-repeat":"repeat","background-position":"center center","background-size":"auto","background-attachment":"scroll","background-type":"","background-media":"","overlay-type":"","overlay-color":"","overlay-opacity":"","overlay-gradient":""},"tablet":{"background-color":"","background-image":"","background-repeat":"repeat","background-position":"center center","background-size":"auto","background-attachment":"scroll","background-type":"","background-media":"","overlay-type":"","overlay-color":"","overlay-opacity":"","overlay-gradient":""},"mobile":{"background-color":"","background-image":"","background-repeat":"repeat","background-position":"center center","background-size":"auto","background-attachment":"scroll","background-type":"","background-media":"","overlay-type":"","overlay-color":"","overlay-opacity":"","overlay-gradient":""}},"ast-content-background-meta":{"desktop":{"background-color":"var(--ast-global-color-4)","background-image":"","background-repeat":"repeat","background-position":"center center","background-size":"auto","background-attachment":"scroll","background-type":"","background-media":"","overlay-type":"","overlay-color":"","overlay-opacity":"","overlay-gradient":""},"tablet":{"background-color":"var(--ast-global-color-4)","background-image":"","background-repeat":"repeat","background-position":"center center","background-size":"auto","background-attachment":"scroll","background-type":"","background-media":"","overlay-type":"","overlay-color":"","overlay-opacity":"","overlay-gradient":""},"mobile":{"background-color":"var(--ast-global-color-4)","background-image":"","background-repeat":"repeat","background-position":"center center","background-size":"auto","background-attachment":"scroll","background-type":"","background-media":"","overlay-type":"","overlay-color":"","overlay-opacity":"","overlay-gradient":""}},"footnotes":""},"class_list":["post-227","page","type-page","status-publish","hentry"],"aioseo_notices":[],"_links":{"self":[{"href":"http:\/\/corewell.fi\/index.php\/wp-json\/wp\/v2\/pages\/227","targetHints":{"allow":["GET"]}}],"collection":[{"href":"http:\/\/corewell.fi\/index.php\/wp-json\/wp\/v2\/pages"}],"about":[{"href":"http:\/\/corewell.fi\/index.php\/wp-json\/wp\/v2\/types\/page"}],"author":[{"embeddable":true,"href":"http:\/\/corewell.fi\/index.php\/wp-json\/wp\/v2\/users\/2"}],"replies":[{"embeddable":true,"href":"http:\/\/corewell.fi\/index.php\/wp-json\/wp\/v2\/comments?post=227"}],"version-history":[{"count":14,"href":"http:\/\/corewell.fi\/index.php\/wp-json\/wp\/v2\/pages\/227\/revisions"}],"predecessor-version":[{"id":318,"href":"http:\/\/corewell.fi\/index.php\/wp-json\/wp\/v2\/pages\/227\/revisions\/318"}],"wp:attachment":[{"href":"http:\/\/corewell.fi\/index.php\/wp-json\/wp\/v2\/media?parent=227"}],"curies":[{"name":"wp","href":"https:\/\/api.w.org\/{rel}","templated":true}]}}