{"id":175,"date":"2025-10-30T20:20:57","date_gmt":"2025-10-30T18:20:57","guid":{"rendered":"https:\/\/jt02.fi\/24ilta\/corewell\/filatov\/wordpress%202\/?page_id=175"},"modified":"2025-10-30T20:44:46","modified_gmt":"2025-10-30T18:44:46","slug":"ohje","status":"publish","type":"page","link":"http:\/\/corewell.fi\/index.php\/ohje\/","title":{"rendered":"Ohje"},"content":{"rendered":"\n<h5 class=\"wp-block-heading\"><strong>Tekstisis\u00e4ll\u00f6n p\u00e4ivitt\u00e4minen<\/strong> (paina lauseen alussa olevaa pient\u00e4 nuolta jotta n\u00e4et kuvaohjeet)<\/h5>\n\n\n\n<ol class=\"wp-block-list\">\n<li>Kirjaudu sis\u00e4\u00e4n sivuston hallintaan osoitteessa: www.jt02.fi\/24ilta\/corewell\/filatov\/wordpress%202\/wp-admin\/<\/li>\n<\/ol>\n\n\n\n<details class=\"wp-block-details is-layout-flow wp-block-details-is-layout-flow\"><summary>2. Valitse vasemmasta valikosta&nbsp;<strong>Sivut<\/strong>. Etsi sivu, jota haluat muokata (esim.&nbsp;<em>Etusivu<\/em>,&nbsp;<em>Minusta<\/em> tai <em>Palvelut<\/em>) -&gt; Klikkaa&nbsp;<strong>Muokkaa<\/strong>.<\/summary>\n<p><\/p>\n\n\n\n<figure class=\"wp-block-image size-large\"><img loading=\"lazy\" decoding=\"async\" width=\"1024\" height=\"640\" src=\"https:\/\/jt02.fi\/24ilta\/corewell\/filatov\/wordpress%202\/wp-content\/uploads\/2025\/10\/Nayttokuva-2025-10-30-kello-20.28.57-1024x640.png\" alt=\"\" class=\"wp-image-181\" srcset=\"http:\/\/corewell.fi\/wp-content\/uploads\/2025\/10\/Nayttokuva-2025-10-30-kello-20.28.57-1024x640.png 1024w, http:\/\/corewell.fi\/wp-content\/uploads\/2025\/10\/Nayttokuva-2025-10-30-kello-20.28.57-300x188.png 300w, http:\/\/corewell.fi\/wp-content\/uploads\/2025\/10\/Nayttokuva-2025-10-30-kello-20.28.57-768x480.png 768w, http:\/\/corewell.fi\/wp-content\/uploads\/2025\/10\/Nayttokuva-2025-10-30-kello-20.28.57-1536x960.png 1536w, http:\/\/corewell.fi\/wp-content\/uploads\/2025\/10\/Nayttokuva-2025-10-30-kello-20.28.57-2048x1280.png 2048w\" sizes=\"auto, (max-width: 1024px) 100vw, 1024px\" \/><\/figure>\n<\/details>\n\n\n\n<details class=\"wp-block-details is-layout-flow wp-block-details-is-layout-flow\"><summary>3.Tuplaklikkaa tekstilohkoa ja kirjoita uusi teksti. Voit lis\u00e4t\u00e4 uuden kappaleen painamalla&nbsp;<strong>Enter<\/strong>.<\/summary>\n<p><\/p>\n\n\n\n<figure class=\"wp-block-image size-large\"><img loading=\"lazy\" decoding=\"async\" width=\"1024\" height=\"578\" src=\"https:\/\/jt02.fi\/24ilta\/corewell\/filatov\/wordpress%202\/wp-content\/uploads\/2025\/10\/Nayttokuva-2025-10-30-kello-20.22.26-1024x578.png\" alt=\"\" class=\"wp-image-182\" srcset=\"http:\/\/corewell.fi\/wp-content\/uploads\/2025\/10\/Nayttokuva-2025-10-30-kello-20.22.26-1024x578.png 1024w, http:\/\/corewell.fi\/wp-content\/uploads\/2025\/10\/Nayttokuva-2025-10-30-kello-20.22.26-300x169.png 300w, http:\/\/corewell.fi\/wp-content\/uploads\/2025\/10\/Nayttokuva-2025-10-30-kello-20.22.26-768x434.png 768w, http:\/\/corewell.fi\/wp-content\/uploads\/2025\/10\/Nayttokuva-2025-10-30-kello-20.22.26-1536x868.png 1536w, http:\/\/corewell.fi\/wp-content\/uploads\/2025\/10\/Nayttokuva-2025-10-30-kello-20.22.26-2048x1157.png 2048w\" sizes=\"auto, (max-width: 1024px) 100vw, 1024px\" \/><\/figure>\n<\/details>\n\n\n\n<details class=\"wp-block-details is-layout-flow wp-block-details-is-layout-flow\"><summary>4. Kun olet valmis, klikkaa oikeasta yl\u00e4kulmasta\u00a0<strong>Tallenna<\/strong>. N\u00e4in tallennat muutokset ja ne n\u00e4kyv\u00e4t heti sivustolla.<\/summary>\n<p><\/p>\n\n\n\n<figure class=\"wp-block-image size-large\"><img loading=\"lazy\" decoding=\"async\" width=\"1024\" height=\"506\" src=\"https:\/\/jt02.fi\/24ilta\/corewell\/filatov\/wordpress%202\/wp-content\/uploads\/2025\/10\/Nayttokuva-2025-10-30-kello-20.36.20-1024x506.png\" alt=\"\" class=\"wp-image-184\" srcset=\"http:\/\/corewell.fi\/wp-content\/uploads\/2025\/10\/Nayttokuva-2025-10-30-kello-20.36.20-1024x506.png 1024w, http:\/\/corewell.fi\/wp-content\/uploads\/2025\/10\/Nayttokuva-2025-10-30-kello-20.36.20-300x148.png 300w, http:\/\/corewell.fi\/wp-content\/uploads\/2025\/10\/Nayttokuva-2025-10-30-kello-20.36.20-768x380.png 768w, http:\/\/corewell.fi\/wp-content\/uploads\/2025\/10\/Nayttokuva-2025-10-30-kello-20.36.20-1536x759.png 1536w, http:\/\/corewell.fi\/wp-content\/uploads\/2025\/10\/Nayttokuva-2025-10-30-kello-20.36.20-2048x1013.png 2048w\" sizes=\"auto, (max-width: 1024px) 100vw, 1024px\" \/><\/figure>\n<\/details>\n\n\n\n<p>\ud83d\udca1\u00a0<strong>Vinkki:<\/strong>\u00a0Jos haluat tehd\u00e4 isomman muutoksen, kopioi vanha teksti ensin talteen, jotta voit palauttaa sen tarvittaessa.<\/p>\n\n\n\n<p><\/p>\n\n\n\n<h5 class=\"wp-block-heading\"><strong>Kuvien lis\u00e4\u00e4minen tai vaihtaminen<\/strong> (paina lauseen alussa olevaa pient\u00e4 nuolta jotta n\u00e4et kuvaohjeet)<\/h5>\n\n\n\n<details class=\"wp-block-details is-layout-flow wp-block-details-is-layout-flow\"><summary>1. Mene hallintapaneelissa kohtaan\u00a0<strong>Sivut<\/strong>\u00a0ja valitse sivu, johon haluat lis\u00e4t\u00e4 tai vaihtaa kuvan. Klikkaa <strong>Muokkaa<\/strong>.<\/summary>\n<figure class=\"wp-block-image size-large\"><img loading=\"lazy\" decoding=\"async\" width=\"1024\" height=\"640\" src=\"https:\/\/jt02.fi\/24ilta\/corewell\/filatov\/wordpress%202\/wp-content\/uploads\/2025\/10\/Nayttokuva-2025-10-30-kello-20.28.57-1-1024x640.png\" alt=\"\" class=\"wp-image-186\" srcset=\"http:\/\/corewell.fi\/wp-content\/uploads\/2025\/10\/Nayttokuva-2025-10-30-kello-20.28.57-1-1024x640.png 1024w, http:\/\/corewell.fi\/wp-content\/uploads\/2025\/10\/Nayttokuva-2025-10-30-kello-20.28.57-1-300x188.png 300w, http:\/\/corewell.fi\/wp-content\/uploads\/2025\/10\/Nayttokuva-2025-10-30-kello-20.28.57-1-768x480.png 768w, http:\/\/corewell.fi\/wp-content\/uploads\/2025\/10\/Nayttokuva-2025-10-30-kello-20.28.57-1-1536x960.png 1536w, http:\/\/corewell.fi\/wp-content\/uploads\/2025\/10\/Nayttokuva-2025-10-30-kello-20.28.57-1-2048x1280.png 2048w\" sizes=\"auto, (max-width: 1024px) 100vw, 1024px\" \/><\/figure>\n<\/details>\n\n\n\n<details class=\"wp-block-details is-layout-flow wp-block-details-is-layout-flow\"><summary>2.\u00a0Klikkaa kuvaa, jota haluat vaihtaa, ja valitse\u00a0<strong>Korvaa<\/strong>.<\/summary>\n<p><\/p>\n\n\n\n<figure class=\"wp-block-image size-large\"><img loading=\"lazy\" decoding=\"async\" width=\"1024\" height=\"578\" src=\"https:\/\/jt02.fi\/24ilta\/corewell\/filatov\/wordpress%202\/wp-content\/uploads\/2025\/10\/Nayttokuva-2025-10-30-kello-20.22.14-1024x578.png\" alt=\"\" class=\"wp-image-188\" srcset=\"http:\/\/corewell.fi\/wp-content\/uploads\/2025\/10\/Nayttokuva-2025-10-30-kello-20.22.14-1024x578.png 1024w, http:\/\/corewell.fi\/wp-content\/uploads\/2025\/10\/Nayttokuva-2025-10-30-kello-20.22.14-300x169.png 300w, http:\/\/corewell.fi\/wp-content\/uploads\/2025\/10\/Nayttokuva-2025-10-30-kello-20.22.14-768x434.png 768w, http:\/\/corewell.fi\/wp-content\/uploads\/2025\/10\/Nayttokuva-2025-10-30-kello-20.22.14-1536x868.png 1536w, http:\/\/corewell.fi\/wp-content\/uploads\/2025\/10\/Nayttokuva-2025-10-30-kello-20.22.14-2048x1157.png 2048w\" sizes=\"auto, (max-width: 1024px) 100vw, 1024px\" \/><\/figure>\n<\/details>\n\n\n\n<details class=\"wp-block-details is-layout-flow wp-block-details-is-layout-flow\"><summary>3. Valitse tiedosto: Voit ladata uuden kuvan\u00a0<strong>Siirr\u00e4<\/strong>\u00a0-v\u00e4lilehdelt\u00e4 tai valita aiemmin lis\u00e4tyn kuvan\u00a0<strong>Mediakirjastosta<\/strong>. Valitse haluamasi kuva koneeltasi ja klikkaa <strong>L\u00e4het\u00e4<\/strong>.<\/summary>\n<figure class=\"wp-block-image size-large\"><img loading=\"lazy\" decoding=\"async\" width=\"1024\" height=\"451\" src=\"https:\/\/jt02.fi\/24ilta\/corewell\/filatov\/wordpress%202\/wp-content\/uploads\/2025\/10\/Nayttokuva-2025-10-30-kello-20.22.51-1024x451.png\" alt=\"\" class=\"wp-image-189\" srcset=\"http:\/\/corewell.fi\/wp-content\/uploads\/2025\/10\/Nayttokuva-2025-10-30-kello-20.22.51-1024x451.png 1024w, http:\/\/corewell.fi\/wp-content\/uploads\/2025\/10\/Nayttokuva-2025-10-30-kello-20.22.51-300x132.png 300w, http:\/\/corewell.fi\/wp-content\/uploads\/2025\/10\/Nayttokuva-2025-10-30-kello-20.22.51-768x338.png 768w, http:\/\/corewell.fi\/wp-content\/uploads\/2025\/10\/Nayttokuva-2025-10-30-kello-20.22.51.png 1384w\" sizes=\"auto, (max-width: 1024px) 100vw, 1024px\" \/><\/figure>\n\n\n\n<figure class=\"wp-block-image size-large\"><img loading=\"lazy\" decoding=\"async\" width=\"1024\" height=\"696\" src=\"https:\/\/jt02.fi\/24ilta\/corewell\/filatov\/wordpress%202\/wp-content\/uploads\/2025\/10\/Nayttokuva-2025-10-30-kello-20.23.41-1024x696.png\" alt=\"\" class=\"wp-image-190\" srcset=\"http:\/\/corewell.fi\/wp-content\/uploads\/2025\/10\/Nayttokuva-2025-10-30-kello-20.23.41-1024x696.png 1024w, http:\/\/corewell.fi\/wp-content\/uploads\/2025\/10\/Nayttokuva-2025-10-30-kello-20.23.41-300x204.png 300w, http:\/\/corewell.fi\/wp-content\/uploads\/2025\/10\/Nayttokuva-2025-10-30-kello-20.23.41-768x522.png 768w, http:\/\/corewell.fi\/wp-content\/uploads\/2025\/10\/Nayttokuva-2025-10-30-kello-20.23.41-1536x1044.png 1536w, http:\/\/corewell.fi\/wp-content\/uploads\/2025\/10\/Nayttokuva-2025-10-30-kello-20.23.41-2048x1392.png 2048w\" sizes=\"auto, (max-width: 1024px) 100vw, 1024px\" \/><\/figure>\n<\/details>\n\n\n\n<details class=\"wp-block-details is-layout-flow wp-block-details-is-layout-flow\"><summary>4. Kun olet valmis, klikkaa oikeasta yl\u00e4kulmasta\u00a0<strong>Tallenna<\/strong>. N\u00e4in tallennat muutokset ja ne n\u00e4kyv\u00e4t heti sivustolla.<\/summary>\n<p><\/p>\n\n\n\n<figure class=\"wp-block-image size-large\"><img loading=\"lazy\" decoding=\"async\" width=\"1024\" height=\"506\" src=\"https:\/\/jt02.fi\/24ilta\/corewell\/filatov\/wordpress%202\/wp-content\/uploads\/2025\/10\/Nayttokuva-2025-10-30-kello-20.36.20-1024x506.png\" alt=\"\" class=\"wp-image-184\" srcset=\"http:\/\/corewell.fi\/wp-content\/uploads\/2025\/10\/Nayttokuva-2025-10-30-kello-20.36.20-1024x506.png 1024w, http:\/\/corewell.fi\/wp-content\/uploads\/2025\/10\/Nayttokuva-2025-10-30-kello-20.36.20-300x148.png 300w, http:\/\/corewell.fi\/wp-content\/uploads\/2025\/10\/Nayttokuva-2025-10-30-kello-20.36.20-768x380.png 768w, http:\/\/corewell.fi\/wp-content\/uploads\/2025\/10\/Nayttokuva-2025-10-30-kello-20.36.20-1536x759.png 1536w, http:\/\/corewell.fi\/wp-content\/uploads\/2025\/10\/Nayttokuva-2025-10-30-kello-20.36.20-2048x1013.png 2048w\" sizes=\"auto, (max-width: 1024px) 100vw, 1024px\" \/><\/figure>\n<\/details>\n\n\n\n<p><\/p>\n\n\n\n<p><\/p>\n\n\n\n<h3 class=\"wp-block-heading\">\ud83d\udcde&nbsp;<strong>Apua sivun p\u00e4ivityksiss\u00e4<\/strong><\/h3>\n\n\n\n<p>Jos et saa muutosta n\u00e4kyviin tai jokin asettelu menee rikki, voit ottaa yhteytt\u00e4 sivuston toteuttajaan:<br><strong>Polina Filatov<\/strong><br><em>polina.filatov@edu.tampere.fi<\/em><\/p>\n","protected":false},"excerpt":{"rendered":"<p>Tekstisis\u00e4ll\u00f6n p\u00e4ivitt\u00e4minen (paina lauseen alussa olevaa pient\u00e4 nuolta jotta n\u00e4et kuvaohjeet) \ud83d\udca1\u00a0Vinkki:\u00a0Jos haluat tehd\u00e4 isomman muutoksen, kopioi vanha teksti ensin [&hellip;]<\/p>\n","protected":false},"author":1,"featured_media":0,"parent":0,"menu_order":0,"comment_status":"closed","ping_status":"closed","template":"","meta":{"om_disable_all_campaigns":false,"_monsterinsights_skip_tracking":false,"_monsterinsights_sitenote_active":false,"_monsterinsights_sitenote_note":"","_monsterinsights_sitenote_category":0,"site-sidebar-layout":"default","site-content-layout":"","ast-site-content-layout":"default","site-content-style":"default","site-sidebar-style":"default","ast-global-header-display":"","ast-banner-title-visibility":"","ast-main-header-display":"","ast-hfb-above-header-display":"","ast-hfb-below-header-display":"","ast-hfb-mobile-header-display":"","site-post-title":"","ast-breadcrumbs-content":"","ast-featured-img":"","footer-sml-layout":"","ast-disable-related-posts":"","theme-transparent-header-meta":"","adv-header-id-meta":"","stick-header-meta":"","header-above-stick-meta":"","header-main-stick-meta":"","header-below-stick-meta":"","astra-migrate-meta-layouts":"default","ast-page-background-enabled":"default","ast-page-background-meta":{"desktop":{"background-color":"var(--ast-global-color-5)","background-image":"","background-repeat":"repeat","background-position":"center center","background-size":"auto","background-attachment":"scroll","background-type":"","background-media":"","overlay-type":"","overlay-color":"","overlay-opacity":"","overlay-gradient":""},"tablet":{"background-color":"","background-image":"","background-repeat":"repeat","background-position":"center center","background-size":"auto","background-attachment":"scroll","background-type":"","background-media":"","overlay-type":"","overlay-color":"","overlay-opacity":"","overlay-gradient":""},"mobile":{"background-color":"","background-image":"","background-repeat":"repeat","background-position":"center center","background-size":"auto","background-attachment":"scroll","background-type":"","background-media":"","overlay-type":"","overlay-color":"","overlay-opacity":"","overlay-gradient":""}},"ast-content-background-meta":{"desktop":{"background-color":"var(--ast-global-color-4)","background-image":"","background-repeat":"repeat","background-position":"center center","background-size":"auto","background-attachment":"scroll","background-type":"","background-media":"","overlay-type":"","overlay-color":"","overlay-opacity":"","overlay-gradient":""},"tablet":{"background-color":"var(--ast-global-color-4)","background-image":"","background-repeat":"repeat","background-position":"center center","background-size":"auto","background-attachment":"scroll","background-type":"","background-media":"","overlay-type":"","overlay-color":"","overlay-opacity":"","overlay-gradient":""},"mobile":{"background-color":"var(--ast-global-color-4)","background-image":"","background-repeat":"repeat","background-position":"center center","background-size":"auto","background-attachment":"scroll","background-type":"","background-media":"","overlay-type":"","overlay-color":"","overlay-opacity":"","overlay-gradient":""}},"footnotes":""},"class_list":["post-175","page","type-page","status-publish","hentry"],"aioseo_notices":[],"_links":{"self":[{"href":"http:\/\/corewell.fi\/index.php\/wp-json\/wp\/v2\/pages\/175","targetHints":{"allow":["GET"]}}],"collection":[{"href":"http:\/\/corewell.fi\/index.php\/wp-json\/wp\/v2\/pages"}],"about":[{"href":"http:\/\/corewell.fi\/index.php\/wp-json\/wp\/v2\/types\/page"}],"author":[{"embeddable":true,"href":"http:\/\/corewell.fi\/index.php\/wp-json\/wp\/v2\/users\/1"}],"replies":[{"embeddable":true,"href":"http:\/\/corewell.fi\/index.php\/wp-json\/wp\/v2\/comments?post=175"}],"version-history":[{"count":6,"href":"http:\/\/corewell.fi\/index.php\/wp-json\/wp\/v2\/pages\/175\/revisions"}],"predecessor-version":[{"id":192,"href":"http:\/\/corewell.fi\/index.php\/wp-json\/wp\/v2\/pages\/175\/revisions\/192"}],"wp:attachment":[{"href":"http:\/\/corewell.fi\/index.php\/wp-json\/wp\/v2\/media?parent=175"}],"curies":[{"name":"wp","href":"https:\/\/api.w.org\/{rel}","templated":true}]}}